Calculate the remainder when 42339457 is divided by 216.
1
Calculate the remainder when 379014 is divided by 27002.
986
What is the remainder when 1658988 is divided by 1246?
562
Calculate the remainder when 973199 is divided by 2345.
24
What is the remainder when 54473 is divided by 226?
7
What is the remainder when 1254418 is divided by 1010?
1008
What is the remainder when 201408 is divided by 1900?
8
What is the remainder when 1767311 is divided by 843?
383
What is the remainder when 1526603 is divided by 95412?
11
What is the remainder when 1889423 is divided by 99442?
25
What is the remainder when 2849193 is divided by 208?
9
Calculate the remainder when 7587643 is divided by 2418.
2377
What is the remainder when 860132 is divided by 22054?
26
Calculate the remainder when 11201724 is divided by 67076.
32
Calculate the remainder when 393475 is divided by 393437.
38
Calculate the remainder when 3246933 is divided by 884.
1
What is the remainder when 175494719 is divided by 203?
1
Calculate the remainder when 5028570 is divided by 1167.
1134
What is the remainder when 1359391 is divided by 9506?
33
What is the remainder when 1825470 is divided by 188?
178
Calculate the remainder when 1431783 is divided by 28074.
9
What is the remainder when 53476 is divided by 6610?
596
What is the remainder when 11834126 is divided by 235?
231
What is the remainder when 246601 is divided by 2?
1
What is the remainder when 1563137 is divided by 520982?
191
What is the remainder when 3352940 is divided by 2480?
2460
What is the remainder when 527389 is divided by 287?
170
Calculate the remainder when 6441105 is divided by 2147000.
105
What is the remainder when 105866 is divided by 132?
2
Calculate the remainder when 2513564 is divided by 129.
128
What is the remainder when 362703 is divided by 840?
663
Calculate the remainder when 495428 is divided by 1171.
95
Calculate the remainder when 134822 is divided by 67294.
234
Calculate the remainder when 3554 is divided by 164.
110
Calculate the remainder when 3634509 is divided by 771.
15
What is the remainder when 306430024 is divided by 1029?
1027
What is the remainder when 138411 is divided by 457?
397
What is the remainder when 79059973 is divided by 1838604?
1
What is the remainder when 344035 is divided by 32?
3
Calculate the remainder when 30024548 is divided by 10.
8
What is the remainder when 281301 is divided by 9?
6
What is the remainder when 278444169 is divided by 7139594?
3
Calculate the remainder when 4120432 is divided by 46823.
8
What is the remainder when 7960860 is divided by 3980427?
6
Calculate the remainder when 137128 is divided by 65.
43
Calculate the remainder when 223812 is divided by 74555.
147
What is the remainder when 3063541 is divided by 1021175?
16
What is the remainder when 1583 is divided by 1421?
162
Calculate the remainder when 93390 is divided by 45542.
2306
Calculate the remainder when 54047826 is divided by 545937.
63
Calculate the remainder when 9981853 is divided by 194.
165
Calculate the remainder when 30816 is divided by 3848.
32
What is the remainder when 4192679 is divided by 92?
55
What is the remainder when 919805 is divided by 740?
725
What is the remainder when 672103 is divided by 4572?
19
Calculate the remainder when 4561091 is divided by 372.
371
What is the remainder when 4822979 is divided by 1619?
1597
What is the remainder when 55909671 is divided by 244?
243
What is the remainder when 1525352 is divided by 14538?
13400
What is the remainder when 127826937 is divided by 42608973?
18
What is the remainder when 10114891 is divided by 22?
17
What is the remainder when 913417 is divided by 304466?
19
Calculate the remainder when 951163 is divided by 158523.
25
What is the remainder when 386699 is divided by 77332?
39
What is the remainder when 2328003 is divided by 854?
853
Calculate the remainder when 189138 is divided by 18910.
38
What is the remainder when 27019 is divided by 26194?
825
Calculate the remainder when 376854 is divided by 6385.
139
Calculate the remainder when 182736 is divided by 327.
270
What is the remainder when 5892149 is divided by 3678?
3671
What is the remainder when 9177878 is divided by 169?
164
Calculate the remainder when 42865798 is divided by 421.
420
What is the remainder when 4353116 is divided by 1286?
6
Calculate the remainder when 13181394 is divided by 5281.
18
Calculate the remainder when 49757 is divided by 1620.
1157
What is the remainder when 30394266 is divided by 5028?
6
Calculate the remainder when 229305307 is divided by 1907.
1906
What is the remainder when 1528902 is divided by 382222?
14
Calculate the remainder when 282149 is divided by 4872.
4445
What is the remainder when 4030734 is divided by 5507?
5117
Calculate the remainder when 59593810 is divided by 3435.
3430
Calculate the remainder when 27402662 is divided by 67.
64
What is the remainder when 1034766 is divided by 6763?
27
What is the remainder when 93659 is divided by 9351?
149
Calculate the remainder when 409793 is divided by 2148.
1673
What is the remainder when 66565 is divided by 66165?
400
Calculate the remainder when 2240379 is divided by 373341.
333
What is the remainder when 180082116 is divided by 43?
8
Calculate the remainder when 52002 is divided by 6500.
2
Calculate the remainder when 26563 is divided by 108.
103
Calculate the remainder when 25763352 is divided by 649.
648
What is the remainder when 930236 is divided by 30006?
50
Calculate the remainder when 272922 is divided by 3686.
158
Calculate the remainder when 586996 is divided by 139.
138
What is the remainder when 623787 is divided by 233?
46
What is the remainder when 852999 is divided by 590?
449
Calculate the remainder when 895097 is divided by 298346.
59
What is the remainder when 113595705 is divided by 4747?
4742
Calculate the remainder when 301631359 is divided by 3641.
3637
Calculate the remainder when 1299429 is divided by 433046.
291
Calculate the remainder when 4631255 is divided by 197.
179
Calculate the remainder when 91434 is divided by 13062.
0
What is the remainder when 2896346 is divided by 724084?
10
What is the remainder when 38465846 is divided by 36?
26
Calculate the remainder when 3899761 is divided by 92851.
19
What is the remainder when 63470697 is divided by 50?
47
Calculate the remainder when 7023388 is divided by 128.
28
Calculate the remainder when 12555337 is divided by 1793606.
95
What is the remainder when 68273 is divided by 3563?
576
What is the remainder when 214709 is divided by 71483?
260
Calculate the remainder when 24275990 is divided by 6.
2
Calculate the remainder when 309141 is divided by 943.
780
What is the remainder when 75823 is divided by 25225?
148
What is the remainder when 1076935 is divided by 2646?
13
What is the remainder when 139315 is divided by 1791?
1408
Calculate the remainder when 1211152 is divided by 1190.
922
Calculate the remainder when 19314 is divided by 5629.
2427
What is the remainder when 6864354 is divided by 2013?
24
What is the remainder when 2070841 is divided by 27?
22
Calculate the remainder when 1903321 is divided by 774.
55
Calculate the remainder when 25297229 is divided by 178.
47
What is the remainder when 533028 is divided by 112?
20
Calculate the remainder when 286840 is divided by 2412.
2224
What is the remainder when 112673794 is divided by 37557926?
16
Calculate the remainder when 194551 is divided by 74.
5
Calculate the remainder when 542096 is divided by 18.
8
Calculate the remainder when 5756619 is divided by 20.
19
What is the remainder when 119551 is divided by 3689?
1503
Calculate the remainder when 282914 is divided by 1725.
14
What is the remainder when 21966081 is divided by 7?
4
Calculate the remainder when 956315 is divided by 1832.
11
Calculate the remainder when 22520573 is divided by 66.
53
Calculate the remainder when 722125 is divided by 31.
11
Calculate the remainder when 59778962 is divided by 206.
28
Calculate the remainder when 151260 is divided by 1079.
200
Calculate the remainder when 2955686 is divided by 328408.
14
What is the remainder when 612969 is divided by 36039?
306
Calculate the remainder when 66480 is divided by 713.
171
What is the remainder when 11661938 is div